10 - -103331133003?
103331201313
In base 2, what is 10001011 - -101011010010001?
101011100011100
In base 10, what is 7609460 + -18?
7609442
In base 2, what is 111110010001 - -1001100011101000?
1010100001111001
In base 6, what is 4 - -120210315?
120210323
In base 9, what is 1128 + -11746?
-10617
In base 3, what is -2121200021011 - 120?
-2121200021201
In base 13, what is 6aa515c - 4?
6aa5158
In base 9, what is 1218566881 + -3?
1218566877
In base 4, what is 1131 + -12210232?
-12203101
In base 11, what is 318 + 387870?
388088
In base 13, what is -939 - -13b6?
77a
In base 11, what is 4011996 - 28?
4011969
In base 10, what is 2 + -2441592?
-2441590
In base 5, what is 1111123 + -31304?
1024314
In base 11, what is 14197a8 - -33?
1419830
In base 10, what is 4511 + 23585?
28096
In base 7, what is -3 - -1143313?
1143310
In base 6, what is 4205235 - 4440?
4200355
In base 12, what is -3 - -15890624?
15890621
In base 2, what is -11000001111000001011000 + 1001?
-11000001111000001001111
In base 2, what is -11011111100011100110101 + 110?
-11011111100011100101111
In base 3, what is -112 + -122202100212?
-122202101101
In base 6, what is -33405055 - 342?
-33405441
In base 14, what is 457 + 5cc8?
6341
In base 3, what is 10212002020111 + -200?
10212002012211
In base 16, what is -3 - 92f64?
-92f67
In base 16, what is 2eb7b3 - 4?
2eb7af
In base 2, what is 100000011000111001010100 - 101?
100000011000111001001111
In base 13, what is 4 - -409430?
409434
In base 12, what is -5 - 387280?
-387285
In base 16, what is -12e51d - 9?
-12e526
In base 14, what is 355 - -18db?
1c52
In base 14, what is 67b + 3d56c?
3dc09
In base 9, what is -32063637 + -1?
-32063638
In base 9, what is -10 - 1245437?
-1245447
In base 5, what is 231 - 101211404?
-101211123
In base 6, what is 10550243 + -3101?
10543142
In base 3, what is -2 - 2120210022122?
-2120210022201
In base 3, what is 21 - 1001121101101110?
-1001121101101012
In base 14, what is -d9795 + 4a?
-d9749
In base 14, what is -400850c - 0?
-400850c
In base 9, what is 717656441 + 2?
717656443
In base 8, what is 652051 - -35?
652106
In base 9, what is 6212020 - -58?
6212078
In base 14, what is -26 - adc08c?
-adc0b4
In base 7, what is 125140560 + 4?
125140564
In base 4, what is 220330200 + -131?
220330003
In base 9, what is 2718 + -45566?
-42747
In base 9, what is 5 - 2848852?
-2848846
In base 14, what is 1285bb - -27?
128604
In base 10, what is -3 + -8243476?
-8243479
In base 12, what is -59 - 56102?
-5615b
In base 10, what is -17 + 1091280?
1091263
In base 10, what is 5 - 3207481?
-3207476
In base 13, what is 4 + 11838352?
11838356
In base 14, what is 5 + 1172062?
1172067
In base 5, what is -34103 - 220423?
-310031
In base 10, what is -3 - 452002?
-452005
In base 16, what is 381c + -aed?
2d2f
In base 6, what is -3043412354 + 0?
-3043412354
In base 4, what is 11 - -1123222123312?
1123222123323
In base 4, what is 2210200123 + -100?
2210200023
In base 4, what is -12 - -123011311101?
123011311023
In base 4, what is -320213122 - -13131?
-320133331
In base 11, what is 5a822 - 4573?
5625a
In base 15, what is d7 - -deb9?
e0a1
In base 14, what is -3 + 19a773b?
19a7738
In base 15, what is -253b2 - 26?
-253d8
In base 15, what is 1 + -2616dd?
-2616dc
In base 3, what is -2220000002020200 - 12?
-2220000002020212
In base 11, what is 447a3aa0 - 2?
447a3a99
In base 9, what is 5167 + -2802?
2265
In base 8, what is 222650 - -464?
223334
In base 14, what is 2b705 + -105?
2b600
In base 3, what is -1002 + 1220201001112000?
1220201001110221
In base 6, what is -52 - 2513410?
-2513502
In base 8, what is -1414351 - 1?
-1414352
In base 13, what is 5a6c82 + -8b?
5a6bc4
In base 14, what is -4 + -11b204c8?
-11b204cc
In base 14, what is -74 - -94c9b?
94c27
In base 10, what is -20398 + 32?
-20366
In base 13, what is 53 + 950a73?
950ac6
In base 6, what is -2 - -14003345001?
14003344555
In base 14, what is -8 + 79315ba?
79315b2
In base 11, what is -9423a3 + 34?
-94236a
In base 2, what is -11001100 - -11010011011111111100?
11010011011100110000
In base 7, what is -12660 - -5326?
-4331
In base 4, what is 11 + -11330203023302?
-11330203023231
In base 14, what is -9356c + 2a?
-93542
In base 16, what is 1a - 315c8c?
-315c72
In base 4, what is 11 - -1332222330122?
1332222330133
In base 15, what is -361ca - -28?
-361a2
In base 8, what is -120612242 + -2?
-120612244
In base 8, what is 114250710 - -3?
114250713
In base 6, what is 21340400 + 13?
21340413
In base 12, what is -b07ab - -68?
-b0743
In base 3, what is -2 + 2112200012200022?
2112200012200020
In base 6, what is 11405353441 + -1?
11405353440
In base 11, what is 853a + 2334?
a873
In base 3, what is 11012122 - 10012021?
1000101
In base 12, what is -5aa - -2757?
2169
In base 16, what is -3 - 85fac58?
-85fac5b
In base 15, what is b + 29a6e8?
29a704
In base 9, what is 1616 + -17563?
-15846
In base 11, what is 57 + 89aa0?
8a047
In base 3, what is -12 + 2121110020011120?
2121110020011101
In base 8, what is -12626 + -25631?
-40457
In base 4, what is -3011120030 + 223?
-3011113201
In base 5, what is 4 + 2043420320?
2043420324
In base 8, what is 25404 + 32124?
57530
In base 11, what is 19795a7 - -94?
1979690
In base 3, what is -2111112 - -1121222001?
1112110112
In base 16, what is -20da4fa + 0?
-20da4fa
In base 4, what is -3 + 21112031012021?
21112031012012
In base 6, what is 2 + -230050241?
-230050235
In base 5, what is -10 - -24333223?
24333213
In base 9, what is -7103545 - -38?
-7103506
In base 10, what is -4142424 - 7?
-4142431
In base 16, what is 4 - 9d28654?
-9d28650
In base 11, what is 1 + 5602333?
5602334
In base 14, what is 714a609 - -3?
714a60c
In base 15, what is 2b252 + -83?
2b1be
In base 2, what is 11101000011010110 - 1001000010?
11100111010010100
In base 15, what is -60a1 - -1a?
-6086
In base 3, what is 10201120210122010 - -11?
10201120210122021
In base 3, what is 201120210 + -1101221?
200011212
In base 3, what is 1002202110022002 - 1?
1002202110022001
In base 9, what is -5518473 - 0?
-5518473
In base 16, what is 6a8 - 4da6?
-46fe
In base 4, what is -10201111 + 21323223?
11122112
In base 2, what is 101001000111000000000111 + 100?
101001000111000000001011
In base 3, what is 20202220 - 2110201?
11022012
In base 7, what is -41 - -3035426?
3035355
In base 4, what is -121220123012 - 3?
-121220123021
In base 5, what is 1 + 103110332200?
103110332201
In base 5, what is 401 - -130240021?
130240422
In base 10, what is 8767 + 5961?
14728
In base 3, what is 210020010021222022 - 0?
210020010021222022
In base 15, what is -490 - -1774?
12d4
In base 6, what is 2 - -12430444235?
12430444241
In base 16, what is 4 + -3f9bf4?
-3f9bf0
In base 13, what is 1 + -161395?
-161394
In base 10, what is -2469339 - 5?
-2469344
In base 11, what is 1 - 9a5705?
-9a5704
In base 6, what is -503 - -1211315?
1210412
In base 8, what is 23541 - -130051?
153612
In base 2, what is -110 + -10100011001010010?
-10100011001011000
In base 7, what is -101241 + 46?
-101162
In base 4, what is -1 + 3112313130?
3112313123
In base 2, what is 1 - -11001011011000000001011?
11001011011000000001100
In base 3, what is -22021201020 + 121011?
-22021010002
In base 15, what is 23ca44 - 0?
23ca44
In base 11, what is a + 8a748a8?
8a74907
In base 9, what is -28011215 - -24?
-28011181
In base 15, what is 8439cb + 5?
8439d1
In base 4, what is -13 - -12231211231331?
12231211231312
In base 7, what is -2 + 54013555?
54013553
In base 6, what is -213532 + -14215?
-232151
In base 4, what is 132323223 - 2010?
132321213
In base 6, what is -5 - 3205102115?
-3205102124
In base 14, what is 44c + 8605?
8a53
In base 7, what is -4644 - -1260240?
1252263
In base 8, what is 46317462 - 223?
46317237
In base 14, what is 519d0 - -44?
51a34
In base 3, what is 11010022012010 + -1202?
11010022010101
In base 12, what is 4a1013980 - -3?
4a1013983
In base 6, what is -42213 - 125?
-42342
In base 5, what is -14440 - 4432?
-24422
In base 14, what is -732 + -880?
-11b2
In base 11, what is -17 - 72a48?
-72a64
In base 8, what is -4 - 616665760?
-616665764
In base 3, what is 102221100022211 + 1211?
102221100101122
In base 5, what is -1 + -2020420422?
-2020420423
In base 6, what is 34435315 + -2453?
34432422
In base 3, what is -101001022211002 - 100?
-101001022211102
In base 12, what is -1a575a + -16?
-1a5774
In 